035520 and 2560.
320
What is the highest common divisor of 131 and 107510390?
131
Calculate the highest common factor of 5203 and 1661.
11
Calculate the greatest common divisor of 2354 and 126412154.
2354
Calculate the highest common divisor of 30662606 and 52.
26
Calculate the highest common factor of 626 and 573103.
313
What is the highest common factor of 3451 and 42084?
7
What is the highest common divisor of 10373 and 83738699?
253
Calculate the highest common divisor of 1 and 549074.
1
What is the greatest common factor of 14007 and 49897603?
4669
What is the greatest common factor of 485345 and 43561?
343
Calculate the highest common factor of 1500 and 10619500.
500
What is the highest common factor of 125 and 60616500?
125
What is the greatest common factor of 101826728 and 12?
4
Calculate the greatest common divisor of 4060 and 1619824.
116
Calculate the highest common divisor of 6469000 and 316981.
6469
Calculate the highest common factor of 9748461 and 831.
831
What is the greatest common divisor of 223104 and 3136?
448
Calculate the greatest common divisor of 497 and 3131.
1
Calculate the highest common factor of 27054704 and 2256.
752
What is the highest common factor of 70 and 1167355?
35
Calculate the greatest common factor of 160 and 1856832.
32
What is the greatest common factor of 2794310 and 2920?
10
Calculate the highest common divisor of 2324 and 120974077.
581
What is the greatest common divisor of 11284556 and 20276?
148
What is the highest common factor of 330008 and 1445276?
1988
Calculate the greatest common factor of 396534787 and 11.
11
What is the highest common factor of 38544 and 322149?
219
What is the greatest common divisor of 11396 and 318296?
44
Calculate the highest common divisor of 886 and 3337562.
886
What is the highest common divisor of 24 and 323730?
6
Calculate the highest common divisor of 31049 and 59353.
61
Calculate the highest common divisor of 110032 and 4342676.
1196
What is the highest common divisor of 18665595 and 52?
13
Calculate the greatest common factor of 416 and 89492104.
104
What is the greatest common divisor of 3660 and 2658380?
1220
What is the highest common factor of 108346 and 169974?
994
What is the highest common factor of 371402 and 435162?
1594
Calculate the greatest common factor of 43061800 and 3800.
200
Calculate the highest common divisor of 234520 and 869856.
4264
What is the highest common divisor of 173926 and 174859708?
9154
What is the highest common factor of 81857 and 9545?
23
What is the highest common factor of 9702 and 195651?
9
What is the highest common factor of 62645535 and 2271?
2271
Calculate the highest common divisor of 93598 and 4982.
106
Calculate the greatest common divisor of 3201510 and 975.
195
Calculate the greatest common divisor of 65116 and 10481892.
892
Calculate the greatest common divisor of 4 and 9334876.
4
Calculate the highest common factor of 6272148 and 78.
6
Calculate the highest common factor of 4135574 and 2968962.
6554
Calculate the highest common divisor of 7480 and 510752.
88
What is the greatest common factor of 40878 and 5130?
54
Calculate the greatest common divisor of 510246 and 10791.
99
Calculate the greatest common factor of 22345 and 344195.
205
Calculate the greatest common divisor of 9478 and 54414552.
1354
Calculate the highest common factor of 604 and 19908142.
302
Calculate the highest common factor of 418964 and 4.
4
Calculate the greatest common divisor of 160 and 377668.
4
What is the greatest common factor of 635530 and 25522?
14
What is the greatest common factor of 272 and 18798608?
16
What is the highest common factor of 1632 and 13415244?
204
What is the greatest common divisor of 87354300 and 1320?
660
What is the highest common factor of 7397231 and 2152?
269
Calculate the highest common divisor of 1889388 and 7812.
1116
What is the greatest common factor of 7565 and 34459?
17
Calculate the highest common divisor of 286209 and 27783.
441
Calculate the highest common factor of 1502 and 6289625.
751
What is the highest common divisor of 170093 and 49?
7
What is the highest common divisor of 1437223 and 5?
1
What is the greatest common factor of 1217194 and 78002?
1814
What is the greatest common divisor of 168 and 5885352?
24
What is the highest common factor of 928 and 26578500?
116
What is the greatest common divisor of 5842896 and 160?
16
What is the highest common factor of 4632 and 32262?
6
What is the highest common divisor of 9443294 and 12558?
322
What is the highest common factor of 44399589 and 39?
39
What is the highest common divisor of 136640 and 2481920?
2240
What is the highest common factor of 85368100 and 2650?
50
Calculate the greatest common divisor of 176 and 28587614.
22
What is the highest common factor of 34323 and 138876915?
2019
What is the greatest common divisor of 1020657 and 37036?
197
What is the greatest common factor of 36563101 and 21704?
2713
What is the highest common divisor of 41021400 and 4900?
700
Calculate the highest common divisor of 7601 and 90013.
11
Calculate the greatest common divisor of 1206 and 2727302.
134
What is the greatest common factor of 96924 and 90282?
246
Calculate the greatest common factor of 804318 and 1614.
6
What is the greatest common factor of 888853478 and 2888?
722
Calculate the highest common factor of 44 and 50539324.
44
What is the greatest common divisor of 42 and 2598548358?
42
What is the greatest common divisor of 660 and 471636?
132
Calculate the greatest common divisor of 34 and 3131564713.
17
Calculate the greatest common divisor of 13974930 and 60.
30
Calculate the greatest common factor of 5221800 and 18.
18
What is the highest common factor of 25875014 and 44?
22
What is the highest common factor of 1036757238 and 66?
66
Calculate the highest common factor of 32023346 and 82946.
1238
Calculate the greatest common factor of 2347688 and 190744.
904
Calculate the greatest common factor of 506555175 and 175.
175
Calculate the highest common divisor of 10 and 62189800.
10
What is the highest common factor of 745 and 21712727?
149
What is the greatest common divisor of 336700926 and 54?
18
What is the greatest common divisor of 464 and 308824?
8
Calculate the highest common factor of 18773117 and 1224.
17
What is the greatest common factor of 229246259 and 11?
11
Calculate the greatest common factor of 114007 and 29756.
173
What is the highest common divisor of 880 and 102223792?
176
What is the greatest common divisor of 358524 and 7866?
414
What is the highest common factor of 136 and 3984056?
8
Calculate the greatest common divisor of 87150444 and 636.
636
Calculate the greatest common divisor of 113487693 and 228993.
6189
Calculate the highest common divisor of 107877 and 176589512.
5137
Calculate the greatest common factor of 25721 and 2057.
17
What is the highest common divisor of 1212 and 122444?
4
What is the greatest common divisor of 70 and 1314922?
14
Calculate the greatest common divisor of 21 and 334053699.
21
What is the highest common divisor of 245966 and 4886?
14
Calculate the greatest common factor of 221840 and 179540.
940
Calculate the highest common divisor of 315854 and 78562.
22
What is the highest common factor of 309326 and 2954?
422
Calculate the highest common divisor of 1544 and 308038.
2
What is the greatest common factor of 44830 and 527690?
10
Calculate the greatest common divisor of 154108 and 30739.
59
Calculate the highest common factor of 910 and 77840.
70
Calculate the highest common divisor of 1188 and 5312652.
12
Calculate the greatest common divisor of 392 and 2078792.
8
Calculate the greatest common divisor of 69222 and 6225.
249
Calculate the greatest common factor of 1161 and 228244.
43
What is the greatest common divisor of 112 and 2442580?
28
What is the greatest common factor of 360 and 181188792?
72
Calculate the highest common factor of 9656100 and 675.
225
Calculate the highest common factor of 2410 and 18730.
10
Calculate the highest common divisor of 121 and 8001697.
11
What is the greatest common divisor of 356608043 and 11?
11
Calculate the greatest common factor of 12 and 87150.
6
Calculate the greatest common divisor of 390 and 18529914.
78
What is the highest common factor of